*c - 305. Calculate p(-1).
-3
Let d(y) = -y**2 + 31*y - 133. What is d(6)?
17
Let n(b) = b**3 + 39*b**2 + 81*b + 248. What is n(-37)?
-11
Let c(o) = -o**2 - 30*o + 105. Determine c(0).
105
Let x(t) = 5*t**3 - 598*t**2 - 329*t + 10686. What is x(120)?
6
Let j(k) = -655*k - 5234. Calculate j(-8).
6
Let k(b) = b**2 - 230*b + 4763. Give k(23).
2
Let m(v) = -v**3 + 10*v**2 + 8*v - 192. Calculate m(7).
11
Let n(x) = -7*x**2 - 158*x - 45. What is n(-22)?
43
Let v(z) = -2*z**3 - 2*z**2 + 6*z + 11. Determine v(-5).
181
Let q(o) = -2*o**3 + 64*o**2 - 2*o + 43. Calculate q(32).
-21
Let h(v) = -v**3 - 34*v**2 - 103*v - 96. Determine h(-31).
214
Let b(j) = 14*j + 297. Calculate b(-19).
31
Let a(f) = 9*f**2 - 345*f + 2542. Calculate a(10).
-8
Let u(w) = -16*w**2 - 7*w - 3. Calculate u(-8).
-971
Let d(a) = -a**2 + 109*a + 1899. Determine d(-15).
39
Let z(k) = -k**2 - 44*k + 1378. Give z(-65).
13
Let c(p) = p**2 + 114*p - 3448. What is c(25)?
27
Let a(p) = -7*p - 26. What is a(0)?
-26
Let j(s) = 55*s**2 + 329*s - 14. Give j(-6).
-8
Let o(z) = -415*z - 44806. Calculate o(-108).
14
Let w(j) = -467*j + 2312. Give w(5).
-23
Let r(f) = f**2 + 105*f - 91. What is r(-106)?
15
Let u(k) = 705*k - 1444. Calculate u(2).
-34
Let b(i) = -i**2 - 23*i - 61. Determine b(-3).
-1
Let k(z) = -3*z**3 - 3*z**2 - 17*z + 3. Calculate k(4).
-305
Let u(o) = 54*o + 2182. Give u(-35).
292
Let h(n) = -n**3 + 49*n**2 + 55*n - 79. Calculate h(50).
171
Let z(f) = 3*f**3 + 25*f**2 - 6*f + 21. Calculate z(-9).
-87
Let k(y) = 12539*y + 50181. Calculate k(-4).
25
Let r(s) = -67*s**2 + 11*s - 5. Determine r(1).
-61
Let x(l) = 37*l + 1070. What is x(-29)?
-3
Let f(w) = w**3 - 42*w**2 + 65*w + 618. Determine f(40).
18
Let i(k) = 2*k - 137. What is i(59)?
-19
Let y(n) = -19*n**2 - 168*n + 4. What is y(-8)?
132
Let j(t) = 4*t**3 - 58*t**2 - 37*t + 104. Calculate j(15).
-1
Let n(l) = 387*l + 6186. Give n(-16).
-6
Let w(m) = 2*m**2 - 6*m - 326. What is w(14)?
-18
Let m(d) = d**2 - 11*d - 11. Calculate m(-1).
1
Let w(s) = -s**2 - 69*s - 669. Determine w(-10).
-79
Let w(k) = -44*k**2 + 8*k - 6. Calculate w(1).
-42
Let w(r) = -r**3 + 8*r**2 + 124*r - 656. What is w(5)?
39
Let i(k) = 28*k + 904. Calculate i(-32).
8
Let k(m) = m**2 + 30*m - 993. Calculate k(-50).
7
Let v(l) = 4*l + 227. Determine v(-22).
139
Let k(c) = 14*c - 155. Calculate k(8).
-43
Let l(w) = 12303*w - 123031. Give l(10).
-1
Let b(t) = 6*t - 256. Determine b(43).
2
Let s(f) = f**3 + 4*f**2 - 18*f - 29. Calculate s(-6).
7
Let u(r) = -56*r - 6776. Give u(-121).
0
Let i(r) = -2*r**2 - 44*r + 19. Give i(-19).
133
Let h(r) = 384*r + 106735. Calculate h(-278).
-17
Let t(n) = 28*n**3 - 2*n + 5. Calculate t(-2).
-215
Let l(f) = 708*f - 10618. What is l(15)?
2
Let q(s) = 98*s + 8164. What is q(-82)?
128
Let o(c) = 234*c + 4579. Calculate o(-19).
133
Let h(p) = 196*p - 9397. Give h(48).
11
Let a(x) = -x**3 + 14*x**2 - 23*x - 29. Calculate a(12).
-17
Let y(t) = -24*t - 423. Determine y(-18).
9
Let m(l) = -10*l**2 + 90*l + 9. What is m(9)?
9
Let u(o) = -471*o**2 - 108*o - 103. What is u(-1)?
-466
Let z(n) = -59*n**2 - 117*n - 1. What is z(-3)?
-181
Let f(p) = 23*p - 55. Determine f(3).
14
Let z(a) = 2*a**2 - 43*a + 115. Calculate z(3).
4
Let l(m) = 31*m + 386. Calculate l(-14).
-48
Let w(b) = -b**3 + 16*b**2 + 64*b - 41. Determine w(19).
92
Let t(b) = 38*b + 1129. Give t(-30).
-11
Let j(k) = 545*k - 1095. Determine j(2).
-5
Let w(h) = 3*h**2 - 109*h - 55. What is w(37)?
19
Let f(p) = 14*p**2 - 59*p + 12. What is f(4)?
0
Let x(q) = 126*q - 751. Calculate x(6).
5
Let s(y) = -46*y**2 - 320*y - 957. Give s(-3).
-411
Let o(z) = -1665*z + 5045. What is o(3)?
50
Let q(o) = -69*o**2 + 16*o - 13. Give q(1).
-66
Let p(l) = -48*l - 134. What is p(-3)?
10
Let i(n) = -n**3 + 47*n**2 - 86*n - 153. Give i(45).
27
Let l(o) = -2*o**2 + 49*o + 65. Determine l(-7).
-376
Let f(z) = z**3 - 41*z**2 - 231*z - 8. Give f(46).
-54
Let g(k) = k**3 - 13*k**2 - 62*k + 880. Give g(9).
-2
Let k(m) = 2*m**3 - 17*m**2 - 38*m + 84. Calculate k(10).
4
Let a(v) = 23*v - 949. Give a(41).
-6
Let h(v) = 2*v**3 + 219*v**2 + 103*v - 222. What is h(-109)?
432
Let c(f) = -46*f - 17. Calculate c(1).
-63
Let y(m) = 2*m**3 + 18*m**2 - 6*m - 173. Give y(-8).
3
Let a(i) = 2*i**2 + 185*i - 2379. Give a(12).
129
Let g(l) = l**3 + 41*l**2 - 335*l + 25. What is g(-48)?
-23
Let n(s) = 1323*s + 5142. Give n(-4).
-150
Let m(l) = -20*l**3 - 203*l**2 - 31*l - 16. What is m(-10)?
-6
Let n(j) = -2*j**3 + 25*j**2 - 16*j - 47. What is n(10)?
293
Let l(y) = 541*y - 1557. What is l(3)?
66
Let t(x) = -10*x**2 - 166*x - 503. Give t(-4).
1
Let c(l) = -l**3 - 2*l**2 + 40*l + 1. Give c(-9).
208
Let f(a) = a**3 - 6*a**2 - 13*a + 10. Give f(7).
-32
Let m(s) = -33*s**2 + 217*s - 216. Determine m(1).
-32
Let w(a) = -a**2 + 479*a - 9606. Calculate w(21).
12
Let y(b) = -19*b - 589. Give y(-31).
0
Let n(p) = -2*p**2 + 172*p + 1064. Calculate n(-6).
-40
Let f(o) = 48*o - 4470. Determine f(93).
-6
Let k(c) = -c + 96. Give k(-8).
104
Let f(h) = h**3 + 22*h**2 - 4*h - 73. Give f(-22).
15
Let l(k) = 396*k + 1580. Determine l(-4).
-4
Let c(x) = x**2 + 71*x - 157. Calculate c(-73).
-11
Let g(q) = 2*q**2 + 107*q + 1242. Determine g(-17).
1
Let t(q) = q**2 + 72*q - 1177. Determine t(14).
27
Let u(s) = 90*s + 1653. Determine u(-18).
33
Let i(h) = -4*h**2 + 194*h - 267. Give i(47).
15
Let n(v) = 1012*v - 21196. Calculate n(21).
56
Let r(q) = -1223*q + 8540. What is r(7)?
-21
Let g(w) = 3*w**2 - 222*w + 218. What is g(73)?
-1
Let f(w) = 136*w - 7883. Give f(58).
5
Let g(y) = -y**2 - 194*y - 2360. What is g(-13)?
-7
Let f(r) = r**2 - 3*r - 12. Give f(-5).
28
Let b(n) = 119*n + 353. Give b(-3).
-4
Let p(b) = -10*b + 31. Determine p(5).
-19
Let w(k) = k**3 - 10*k**2 + 26*k - 37. Calculate w(11).
370
Let y(s) = -118*s + 45. Determine y(0).
45
Let o(u) = u**3 + 21*u**2 + 30*u - 160. Calculate o(-19).
-8
Let p(z) = -8*z - 102. Determine p(-9).
-30
Let f(k) = k**2 - 29*k + 166. Give f(6).
28
Let u(b) = -336*b + 14111. What is u(42)?
-1
Let d(z) = -44*z - 3971. Give d(-90).
-11
Let c(o) = o**2 + 146*o + 3807. Give c(-113).
78
Let h(t) = 11*t**2 + 5*t - 33. Calculate h(3).
81
Let k(x) = x**2 - 38*x - 1338. Calculate k(61).
65
Let u(l) = -8*l - 93. Determine u(-6).
-45
Let q(l) = -l**2 - 91*l - 1418. What is q(-26)?
272
Let x(b) = -b**2 - 32*b - 292. Calculate x(-17).
-37
Let l(y) = 2*y**3 - 7*y**2 + y - 17. Determine l(5).
63
Let j(m) = 29*m + 223. What is j(-7)?
20
Let w(n) = 2*n**2 - 96*n + 86. Determine w(47).
-8
Let r(b) = 910*b - 4563. Give r(5).
-13
Let i(r) = 7*r**2 - 96*r + 301. Calculate i(5).
-4
Let f(g) = g**3 + 46*g**2 - 15*g - 2707. Give f(-45).
-7
Let y(g) = -28*g + 336. Determine y(18).
-168
Let d(u) = u**3 - 17*u**2 - 794*u - 40. What is d(38)?
112
Let q(n) = -127*n - 4696. Give q(-37).
3
Let x(h) = 2*h**3 - 2*h**2 - 23*h + 61. What is x(3)?
28
Let k(r) = -29*r**3 - 2*r**2 - 3*r - 1. What is k(-2)?
229
Let o(r) = r**2 - 70*r + 50. Calculate o(6).
-334
Let a(n) = -4*n**3 - 123*n**2 + 31*n - 20. Calculate a(-31).
-20
Let c(n) = -n**3 + 18*n**2 + 19. Give c(18).
19
Let k(u) = -3*u**2 - 93*u + 13. What is k(-28)?
265
Let y(s) = 14*s - 317. Determine y(34).
159
Let q(i) = i**3 + 4*i**2 - 11*i + 33. What is q(-7)?
-37
Let b(s) = -516*s + 543. What is b(1)?
27
Let z(c) = -140*c - 424. What is z(-3)?
-4
Let c(f) = -f**3 + 21*f**2 - 28*f + 52. Determine c(18).
520
Let g(w) = 16*w**2 - 214*w - 137. Determine g(14).
3
Let d(t) = t**3 + 65*t**2 + 431*t - 10. What is d(-8)?
190
Let c(a) = a**2 + 1857*a + 7415. What is c(-4)?
3
Let c(f) = -112*f - 2488. Calculate c(-25).
312
Let n(a) = -a**3 - 19*a**2 + 71*a + 108. Calculate n(-22).
-2
Let t(v) = -3*v**2 - 95*v + 1304. Determine t(-42).
2
Let r(t) = -4*t**2 - 17*t - 3. What is r(-4)?
1
Let s(f) = -259*f + 474. Calculate s(2).
-44
Let b(m) = 7*m**2 + 265*m + 240. Calculate b(-37).
18
Let h(q) = q**3 + 69*q**2 + 130*q - 277. Calculate h(-67).
-9
Let k(i) = 35*i + 413. Calculate k(-10).
63
Let m(q) = 4*q**2 - 268*q - 15. What is m(67)?
-15
Let q(s) = -s**3 + 31*s**2 + 80*s - 2493. Give q(31).
-13
Let j(u) = -2*u**2 - 180*u + 562. Determine j(-93).
4
Let j(f) = -f**2 - 13*f - 126. Determine j(-7).
-84
Let w(s) = 1253*s + 5017. Give w(-4).
5
Let p(q) = 9*q - 163. Give p(32).
125
Let h(z) = 